hat is the remainder when 274 is divided by 230?
44
Calculate the remainder when 5848 is divided by 30.
28
What is the remainder when 2289 is divided by 30?
9
What is the remainder when 582 is divided by 16?
6
What is the remainder when 74 is divided by 26?
22
What is the remainder when 772 is divided by 255?
7
Calculate the remainder when 807 is divided by 82.
69
What is the remainder when 3838 is divided by 32?
30
Calculate the remainder when 798 is divided by 102.
84
What is the remainder when 635 is divided by 146?
51
Calculate the remainder when 213 is divided by 36.
33
Calculate the remainder when 1359 is divided by 1352.
7
Calculate the remainder when 278 is divided by 44.
14
What is the remainder when 1632 is divided by 86?
84
Calculate the remainder when 1441 is divided by 13.
11
Calculate the remainder when 8886 is divided by 306.
12
Calculate the remainder when 1692 is divided by 156.
132
What is the remainder when 6373 is divided by 336?
325
Calculate the remainder when 84 is divided by 46.
38
Calculate the remainder when 46 is divided by 11.
2
Calculate the remainder when 1203 is divided by 171.
6
Calculate the remainder when 57 is divided by 39.
18
What is the remainder when 2928 is divided by 961?
45
What is the remainder when 85 is divided by 13?
7
Calculate the remainder when 471 is divided by 118.
117
What is the remainder when 1107 is divided by 11?
7
What is the remainder when 19067 is divided by 39?
35
Calculate the remainder when 1440 is divided by 238.
12
What is the remainder when 392 is divided by 77?
7
Calculate the remainder when 777 is divided by 15.
12
Calculate the remainder when 93 is divided by 35.
23
Calculate the remainder when 34269 is divided by 12.
9
What is the remainder when 253 is divided by 111?
31
What is the remainder when 117 is divided by 47?
23
Calculate the remainder when 1336 is divided by 75.
61
Calculate the remainder when 1553 is divided by 41.
36
Calculate the remainder when 203 is divided by 52.
47
Calculate the remainder when 1385 is divided by 377.
254
Calculate the remainder when 58 is divided by 25.
8
What is the remainder when 18936 is divided by 14?
8
Calculate the remainder when 2424 is divided by 19.
11
What is the remainder when 638 is divided by 311?
16
Calculate the remainder when 83 is divided by 8.
3
What is the remainder when 312 is divided by 149?
14
Calculate the remainder when 157 is divided by 152.
5
Calculate the remainder when 4995 is divided by 34.
31
What is the remainder when 2923 is divided by 324?
7
What is the remainder when 1849 is divided by 604?
37
Calculate the remainder when 9 is divided by 9.
0
What is the remainder when 949 is divided by 473?
3
What is the remainder when 2665 is divided by 62?
61
What is the remainder when 212 is divided by 5?
2
What is the remainder when 304 is divided by 63?
52
What is the remainder when 395 is divided by 179?
37
Calculate the remainder when 3472 is divided by 217.
0
Calculate the remainder when 2072 is divided by 21.
14
Calculate the remainder when 206 is divided by 48.
14
Calculate the remainder when 266 is divided by 90.
86
What is the remainder when 792 is divided by 259?
15
What is the remainder when 1899 is divided by 76?
75
Calculate the remainder when 370 is divided by 51.
13
Calculate the remainder when 225 is divided by 10.
5
What is the remainder when 381 is divided by 64?
61
What is the remainder when 378 is divided by 128?
122
What is the remainder when 1765 is divided by 93?
91
Calculate the remainder when 531 is divided by 140.
111
Calculate the remainder when 240 is divided by 50.
40
What is the remainder when 54 is divided by 11?
10
Calculate the remainder when 1591 is divided by 57.
52
Calculate the remainder when 174 is divided by 6.
0
Calculate the remainder when 455 is divided by 28.
7
What is the remainder when 147 is divided by 52?
43
Calculate the remainder when 5169 is divided by 94.
93
Calculate the remainder when 97 is divided by 49.
48
Calculate the remainder when 130 is divided by 27.
22
What is the remainder when 100 is divided by 17?
15
Calculate the remainder when 61 is divided by 55.
6
What is the remainder when 15277 is divided by 11?
9
What is the remainder when 2642 is divided by 63?
59
What is the remainder when 335 is divided by 57?
50
Calculate the remainder when 1121 is divided by 45.
41
Calculate the remainder when 292 is divided by 37.
33
Calculate the remainder when 106 is divided by 25.
6
What is the remainder when 153 is divided by 42?
27
Calculate the remainder when 165 is divided by 86.
79
Calculate the remainder when 5406 is divided by 5.
1
What is the remainder when 142 is divided by 36?
34
Calculate the remainder when 157 is divided by 45.
22
What is the remainder when 1051 is divided by 88?
83
Calculate the remainder when 1916 is divided by 37.
29
What is the remainder when 120 is divided by 42?
36
What is the remainder when 2120 is divided by 118?
114
Calculate the remainder when 4451 is divided by 135.
131
What is the remainder when 4478 is divided by 16?
14
What is the remainder when 510 is divided by 121?
26
Calculate the remainder when 401 is divided by 32.
17
What is the remainder when 2399 is divided by 49?
47
What is the remainder when 53 is divided by 11?
9
Calculate the remainder when 78 is divided by 21.
15
Calculate the remainder when 58 is divided by 15.
13
Calculate the remainder when 263 is divided by 8.
7
Calculate the remainder when 131 is divided by 37.
20
What is the remainder when 440 is divided by 20?
0
What is the remainder when 265 is divided by 123?
19
Calculate the remainder when 518 is divided by 48.
38
What is the remainder when 606 is divided by 88?
78
Calculate the remainder when 278 is divided by 71.
65
Calculate the remainder when 131 is divided by 19.
17
What is the remainder when 870 is divided by 237?
159
What is the remainder when 1648 is divided by 17?
16
Calculate the remainder when 4719 is divided by 62.
7
Calculate the remainder when 3401 is divided by 9.
8
Calculate the remainder when 77 is divided by 64.
13
What is the remainder when 281 is divided by 37?
22
What is the remainder when 383 is divided by 30?
23
Calculate the remainder when 1706 is divided by 61.
59
What is the remainder when 606 is divided by 321?
285
Calculate the remainder when 247 is divided by 134.
113
Calculate the remainder when 7502 is divided by 41.
40
Calculate the remainder when 733 is divided by 182.
5
What is the remainder when 20308 is divided by 15?
13
Calculate the remainder when 213 is divided by 4.
1
What is the remainder when 1141 is divided by 36?
25
What is the remainder when 2798 is divided by 280?
278
What is the remainder when 858 is divided by 150?
108
Calculate the remainder when 398 is divided by 204.
194
What is the remainder when 1392 is divided by 140?
132
What is the remainder when 48 is divided by 9?
3
Calculate the remainder when 441 is divided by 64.
57
Calculate the remainder when 7091 is divided by 338.
331
What is the remainder when 376 is divided by 35?
26
Calculate the remainder when 621 is divided by 337.
284
Calculate the remainder when 1516 is divided by 80.
76
Calculate the remainder when 738 is divided by 155.
118
Calculate the remainder when 122 is divided by 75.
47
Calculate the remainder when 65140 is divided by 18.
16
What is the remainder when 1516 is divided by 39?
34
What is the remainder when 563 is divided by 154?
101
What is the remainder when 79 is divided by 68?
11
What is the remainder when 257 is divided by 10?
7
Calculate the remainder when 2363 is divided by 11.
9
What is the remainder when 723 is divided by 695?
28
Calculate the remainder when 92 is divided by 23.
0
What is the remainder when 217 is divided by 62?
31
What is the remainder when 3574 is divided by 49?
46
What is the remainder when 298 is divided by 60?
58
What is the remainder when 346 is divided by 14?
10
Calculate the remainder when 28 is divided by 28.
0
Calculate the remainder when 556 is divided by 62.
60
What is the remainder when 171 is divided by 13?
2
Calculate the remainder when 628 is divided by 136.
84
What is the remainder when 141 is divided by 27?
6
What is the remainder when 4451 is divided by 34?
31
What is the remainder wh